{"id":11,"date":"2016-12-28T11:46:22","date_gmt":"2016-12-28T10:46:22","guid":{"rendered":"http:\/\/fuehrlinger:8888\/?page_id=11"},"modified":"2025-03-15T07:52:52","modified_gmt":"2025-03-15T06:52:52","slug":"ueber-uns","status":"publish","type":"page","link":"https:\/\/www.fuehrlinger.at\/orthopaedie\/ueber-uns\/","title":{"rendered":"\u00dcber Uns"},"content":{"rendered":"<div class=\"wpb-content-wrapper\"><p>[vc_row el_id=&#8220;topbackgroundwrap&#8220;][vc_column]\n\n<div class=\"topbackground\">\n\t<div class=\"fullscreen-bg\">\t\n\t\t\t\t\t\t\t\t<!-- Input Background Image -->\n\t\t\t\t<img src='https:\/\/www.fuehrlinger.at\/orthopaedie\/wp-content\/uploads\/2016\/12\/impressumback.png' class='fullscreen-bg__img'\/>\n\t\t\t\t\t\t\n\t<\/div> <!-- Close headslider div -->\n\n<\/div>\n[\/vc_column][\/vc_row][vc_row css_animation=&#8220;fadeInRight&#8220; el_class=&#8220;headline slimrow&#8220;][vc_column][vc_empty_space height=&#8220;120px&#8220; el_class=&#8220;mobilehide&#8220;][vc_column_text]<\/p>\n<h1 style=\"text-align: right;\">\u00dcber Uns<\/h1>\n<p>[\/vc_column_text][vc_empty_space height=&#8220;110px&#8220; el_class=&#8220;mobilehide&#8220;][\/vc_column][\/vc_row][vc_row css_animation=&#8220;fadeInUp&#8220; el_class=&#8220;slimrow greathlbox&#8220;][vc_column][vc_column_text]<\/p>\n<h2 style=\"text-align: center;\" align=\"left\">Unser Leitbild<\/h2>\n<p>&nbsp;<\/p>\n<p style=\"text-align: center;\"><i>&#8222;Gesundheit f\u00fcr Mensch und Fu\u00df mit Einlagen und Schuhen,<br \/>\ndie den Anforderungen der jeweiligen Bed\u00fcrfnisse entsprechen.<br \/>\nGanzheitliche K\u00f6rperbehandlung mit verschiedenen alternativen Heilmethoden.&#8220;<\/i><\/p>\n<p>[\/vc_column_text][\/vc_column][\/vc_row][vc_row css_animation=&#8220;fadeIn&#8220;][vc_column][vc_empty_space height=&#8220;20px&#8220;]<div class=\"teamlist slimrow \">\n\t\t<h2>Team<\/h2>\t\t\t\t\t\t\t\t\t\t\t\n\t\t\t<div class=\"fotoswrap\">\n\t\t\t\t\t\t\t\t<div class=\"large-3 medium-6 small-12 columns \">\n\t\t\t\t\t\t\t<!-- Open Referenzen div -->\n\t\t\t\t\t\t\t\t<div id=\"teammore-456\" class=\"teammore \">\n\t\t\t\t\t\t\t\t\t\n\t\t\t\t\t\t\t\t\n\t\t\t\t\t\t\t\t\t <div class=\"medium-12 small-12 columns teamimagefield\">\n\t\t\t\t\t\t\t\t\t\t<img decoding=\"async\" class\"teammem-img\" src=\"https:\/\/www.fuehrlinger.at\/orthopaedie\/wp-content\/uploads\/2015\/01\/IMG_20251120_145647.jpg\" alt=\"teammember-Klaus F\u00fchrlinger \" \/>\n\t\t\t\t\t\t\t\t\t\t<div class=\"teaminfopos\">\t\n\t\t\t\t\t\t\t\t\t\t\t<h3>Klaus F\u00fchrlinger<\/h3>\t\n\n\t\t\t\t\t\t\t\t\t\t\t\t<p>Gesch\u00e4ftsf\u00fchrung und Orthop\u00e4die-Schuhmacher Meister<\/p>\t\t\t\t\t\t\t\t\t\t\t\t\n\n\n\t\t\t\t\t\t\t\t\t\t<\/div>\n\t\t\t\t\t\t\t\t\t<\/div>\n\t\t\t\t\t\t\t<\/div>\n\t\t\t\t\t\t<\/div>\n\t\t\t\t\t\n\t\t\t\t\t\t\t\t\t\t<div class=\"large-3 medium-6 small-12 columns \">\n\t\t\t\t\t\t\t<!-- Open Referenzen div -->\n\t\t\t\t\t\t\t\t<div id=\"teammore-1102\" class=\"teammore \">\n\t\t\t\t\t\t\t\t\t\n\t\t\t\t\t\t\t\t\n\t\t\t\t\t\t\t\t\t <div class=\"medium-12 small-12 columns teamimagefield\">\n\t\t\t\t\t\t\t\t\t\t<img decoding=\"async\" class\"teammem-img\" src=\"https:\/\/www.fuehrlinger.at\/orthopaedie\/wp-content\/uploads\/2017\/01\/caro-neu.jpg\" alt=\"teammember-Caroline F\u00fchrlinger \" \/>\n\t\t\t\t\t\t\t\t\t\t<div class=\"teaminfopos\">\t\n\t\t\t\t\t\t\t\t\t\t\t<h3>Caroline F\u00fchrlinger<\/h3>\t\n\n\t\t\t\t\t\t\t\t\t\t\t\t<p>Finanz- und Personalmanagement<\/p>\t\t\t\t\t\t\t\t\t\t\t\t\n\n\n\t\t\t\t\t\t\t\t\t\t<\/div>\n\t\t\t\t\t\t\t\t\t<\/div>\n\t\t\t\t\t\t\t<\/div>\n\t\t\t\t\t\t<\/div>\n\t\t\t\t\t\n\t\t\t\t\t\t\t\t\t\t<div class=\"large-3 medium-6 small-12 columns \">\n\t\t\t\t\t\t\t<!-- Open Referenzen div -->\n\t\t\t\t\t\t\t\t<div id=\"teammore-246\" class=\"teammore \">\n\t\t\t\t\t\t\t\t\t\n\t\t\t\t\t\t\t\t\n\t\t\t\t\t\t\t\t\t <div class=\"medium-12 small-12 columns teamimagefield\">\n\t\t\t\t\t\t\t\t\t\t<img decoding=\"async\" class\"teammem-img\" src=\"https:\/\/www.fuehrlinger.at\/orthopaedie\/wp-content\/uploads\/2018\/08\/peter-1.jpg\" alt=\"teammember-Peter F\u00fchrlinger \" \/>\n\t\t\t\t\t\t\t\t\t\t<div class=\"teaminfopos\">\t\n\t\t\t\t\t\t\t\t\t\t\t<h3>Peter F\u00fchrlinger<\/h3>\t\n\n\t\t\t\t\t\t\t\t\t\t\t\t<p>Orthop\u00e4die-Schuhmacher Meister<\/p>\t<p> Shiatsu-Praktiker<\/p>\t\t\t\t\t\t\t\t\t\t\t\t\n\n\n\t\t\t\t\t\t\t\t\t\t<\/div>\n\t\t\t\t\t\t\t\t\t<\/div>\n\t\t\t\t\t\t\t<\/div>\n\t\t\t\t\t\t<\/div>\n\t\t\t\t\t\n\t\t\t\t\t\t\t\t\t\t<div class=\"large-3 medium-6 small-12 columns \">\n\t\t\t\t\t\t\t<!-- Open Referenzen div -->\n\t\t\t\t\t\t\t\t<div id=\"teammore-256\" class=\"teammore \">\n\t\t\t\t\t\t\t\t\t\n\t\t\t\t\t\t\t\t\n\t\t\t\t\t\t\t\t\t <div class=\"medium-12 small-12 columns teamimagefield\">\n\t\t\t\t\t\t\t\t\t\t<img decoding=\"async\" class\"teammem-img\" src=\"https:\/\/www.fuehrlinger.at\/orthopaedie\/wp-content\/uploads\/2017\/02\/DSC_1872-Kopie-1.jpg\" alt=\"teammember-Rosa F\u00fchrlinger \" \/>\n\t\t\t\t\t\t\t\t\t\t<div class=\"teaminfopos\">\t\n\t\t\t\t\t\t\t\t\t\t\t<h3>Rosa F\u00fchrlinger<\/h3>\t\n\n\t\t\t\t\t\t\t\t\t\t\t\t<p>Gute Seele des Familienunternehmens<\/p>\t\t\t\t\t\t\t\t\t\t\t\t\n\n\n\t\t\t\t\t\t\t\t\t\t<\/div>\n\t\t\t\t\t\t\t\t\t<\/div>\n\t\t\t\t\t\t\t<\/div>\n\t\t\t\t\t\t<\/div>\n\t\t\t\t\t\n\t\t\t\t\t\t\t\t\t\t<div class=\"large-2 medium-6 small-12 columns \">\n\t\t\t\t\t\t\t<!-- Open Referenzen div -->\n\t\t\t\t\t\t\t\t<div id=\"teammore-781\" class=\"teammore \">\n\t\t\t\t\t\t\t\t\t\n\t\t\t\t\t\t\t\t\n\t\t\t\t\t\t\t\t\t <div class=\"medium-12 small-12 columns teamimagefield\">\n\t\t\t\t\t\t\t\t\t\t<img decoding=\"async\" class\"teammem-img\" src=\"https:\/\/www.fuehrlinger.at\/orthopaedie\/wp-content\/uploads\/2018\/08\/Sandra-Himmelbauer-1.jpg\" alt=\"teammember-Sandra Himmelbauer \" \/>\n\t\t\t\t\t\t\t\t\t\t<div class=\"teaminfopos\">\t\n\t\t\t\t\t\t\t\t\t\t\t<h3>Sandra Himmelbauer<\/h3>\t\n\t\t\t\t\t\t\t\t\t\t\t\n\t\t\t\t\t\t\t\t\t\t\t<p>Orthop\u00e4die-Schuhmacher Gesellin<\/p>\t\n\t\t\t\t\t\t\t\t\t\t<\/div>\n\t\t\t\t\t\t\t\t\t<\/div>\n\t\t\t\t\t\t\t\t    \t\t\t\t\t\t\t<\/div>\n\t\t\t\t\t\t<\/div>\t\n\t\t\t\t\t\t\t\t\t\t\t\t<div class=\"large-2 medium-6 small-12 columns \">\n\t\t\t\t\t\t\t<!-- Open Referenzen div -->\n\t\t\t\t\t\t\t\t<div id=\"teammore-262\" class=\"teammore \">\n\t\t\t\t\t\t\t\t\t\n\t\t\t\t\t\t\t\t\n\t\t\t\t\t\t\t\t\t <div class=\"medium-12 small-12 columns teamimagefield\">\n\t\t\t\t\t\t\t\t\t\t<img decoding=\"async\" class\"teammem-img\" src=\"https:\/\/www.fuehrlinger.at\/orthopaedie\/wp-content\/uploads\/2017\/01\/siegrid.jpg\" alt=\"teammember-Sigrid Ott \" \/>\n\t\t\t\t\t\t\t\t\t\t<div class=\"teaminfopos\">\t\n\t\t\t\t\t\t\t\t\t\t\t<h3>Sigrid Ott<\/h3>\t\n\t\t\t\t\t\t\t\t\t\t\t\n\t\t\t\t\t\t\t\t\t\t\t<p>Verk\u00e4uferin in Freistadt<\/p>\t\n\t\t\t\t\t\t\t\t\t\t<\/div>\n\t\t\t\t\t\t\t\t\t<\/div>\n\t\t\t\t\t\t\t\t    \t\t\t\t\t\t\t<\/div>\n\t\t\t\t\t\t<\/div>\t\n\t\t\t\t\t\t\t\t\t\t\t\t<div class=\"large-2 medium-6 small-12 columns \">\n\t\t\t\t\t\t\t<!-- Open Referenzen div -->\n\t\t\t\t\t\t\t\t<div id=\"teammore-1012\" class=\"teammore \">\n\t\t\t\t\t\t\t\t\t\n\t\t\t\t\t\t\t\t\n\t\t\t\t\t\t\t\t\t <div class=\"medium-12 small-12 columns teamimagefield\">\n\t\t\t\t\t\t\t\t\t\t<img decoding=\"async\" class\"teammem-img\" src=\"https:\/\/www.fuehrlinger.at\/orthopaedie\/wp-content\/uploads\/2021\/07\/simone-rightzsize.jpg\" alt=\"teammember-Simone Payer \" \/>\n\t\t\t\t\t\t\t\t\t\t<div class=\"teaminfopos\">\t\n\t\t\t\t\t\t\t\t\t\t\t<h3>Simone Payer<\/h3>\t\n\t\t\t\t\t\t\t\t\t\t\t\n\t\t\t\t\t\t\t\t\t\t\t<p>Verk\u00e4uferin in Freistadt<\/p>\t\n\t\t\t\t\t\t\t\t\t\t<\/div>\n\t\t\t\t\t\t\t\t\t<\/div>\n\t\t\t\t\t\t\t\t    \t\t\t\t\t\t\t<\/div>\n\t\t\t\t\t\t<\/div>\t\n\t\t\t\t\t\t\t\t\t\t\t\t<div class=\"large-2 medium-6 small-12 columns \">\n\t\t\t\t\t\t\t<!-- Open Referenzen div -->\n\t\t\t\t\t\t\t\t<div id=\"teammore-1015\" class=\"teammore \">\n\t\t\t\t\t\t\t\t\t\n\t\t\t\t\t\t\t\t\n\t\t\t\t\t\t\t\t\t <div class=\"medium-12 small-12 columns teamimagefield\">\n\t\t\t\t\t\t\t\t\t\t<img decoding=\"async\" class\"teammem-img\" src=\"https:\/\/www.fuehrlinger.at\/orthopaedie\/wp-content\/uploads\/2021\/07\/Lisa-schwarz_weiss2.jpg\" alt=\"teammember-Lisa Weberndorfer \" \/>\n\t\t\t\t\t\t\t\t\t\t<div class=\"teaminfopos\">\t\n\t\t\t\t\t\t\t\t\t\t\t<h3>Lisa Weberndorfer<\/h3>\t\n\t\t\t\t\t\t\t\t\t\t\t\n\t\t\t\t\t\t\t\t\t\t\t<p>Orthop\u00e4die-Schuhmacher Gesellin<\/p>\t\n\t\t\t\t\t\t\t\t\t\t<\/div>\n\t\t\t\t\t\t\t\t\t<\/div>\n\t\t\t\t\t\t\t\t    \t\t\t\t\t\t\t<\/div>\n\t\t\t\t\t\t<\/div>\t\n\t\t\t\t\t\t\t\t\t\t\t\t<div class=\"large-2 medium-6 small-12 columns \">\n\t\t\t\t\t\t\t<!-- Open Referenzen div -->\n\t\t\t\t\t\t\t\t<div id=\"teammore-1105\" class=\"teammore \">\n\t\t\t\t\t\t\t\t\t\n\t\t\t\t\t\t\t\t\n\t\t\t\t\t\t\t\t\t <div class=\"medium-12 small-12 columns teamimagefield\">\n\t\t\t\t\t\t\t\t\t\t<img decoding=\"async\" class\"teammem-img\" src=\"https:\/\/www.fuehrlinger.at\/orthopaedie\/wp-content\/uploads\/2022\/06\/ellmer-rightsize.jpg\" alt=\"teammember-Tanja Ellmer \" \/>\n\t\t\t\t\t\t\t\t\t\t<div class=\"teaminfopos\">\t\n\t\t\t\t\t\t\t\t\t\t\t<h3>Tanja Ellmer<\/h3>\t\n\t\t\t\t\t\t\t\t\t\t\t\n\t\t\t\t\t\t\t\t\t\t\t<p>Verk\u00e4uferin in Oberneukirchen<\/p>\t\n\t\t\t\t\t\t\t\t\t\t<\/div>\n\t\t\t\t\t\t\t\t\t<\/div>\n\t\t\t\t\t\t\t\t    \t\t\t\t\t\t\t<\/div>\n\t\t\t\t\t\t<\/div>\t\n\t\t\t\t\t\t\t\t\t\t\t\t<div class=\"large-2 medium-6 small-12 columns \">\n\t\t\t\t\t\t\t<!-- Open Referenzen div -->\n\t\t\t\t\t\t\t\t<div id=\"teammore-1135\" class=\"teammore \">\n\t\t\t\t\t\t\t\t\t\n\t\t\t\t\t\t\t\t\n\t\t\t\t\t\t\t\t\t <div class=\"medium-12 small-12 columns teamimagefield\">\n\t\t\t\t\t\t\t\t\t\t<img decoding=\"async\" class\"teammem-img\" src=\"https:\/\/www.fuehrlinger.at\/orthopaedie\/wp-content\/uploads\/2022\/09\/Tanja-P-schw_weiss_VK.jpg\" alt=\"teammember-Tanja P\u00f6tscher \" \/>\n\t\t\t\t\t\t\t\t\t\t<div class=\"teaminfopos\">\t\n\t\t\t\t\t\t\t\t\t\t\t<h3>Tanja P\u00f6tscher<\/h3>\t\n\t\t\t\t\t\t\t\t\t\t\t\n\t\t\t\t\t\t\t\t\t\t\t<p>Orthop\u00e4die-Schuhmacherin i.A.<\/p>\t\n\t\t\t\t\t\t\t\t\t\t<\/div>\n\t\t\t\t\t\t\t\t\t<\/div>\n\t\t\t\t\t\t\t\t    \t\t\t\t\t\t\t<\/div>\n\t\t\t\t\t\t<\/div>\t\n\t\t\t\t\t\t\t\t\t\t\t\t<div class=\"large-2 medium-6 small-12 columns \">\n\t\t\t\t\t\t\t<!-- Open Referenzen div -->\n\t\t\t\t\t\t\t\t<div id=\"teammore-1169\" class=\"teammore \">\n\t\t\t\t\t\t\t\t\t\n\t\t\t\t\t\t\t\t\n\t\t\t\t\t\t\t\t\t <div class=\"medium-12 small-12 columns teamimagefield\">\n\t\t\t\t\t\t\t\t\t\t<img decoding=\"async\" class\"teammem-img\" src=\"https:\/\/www.fuehrlinger.at\/orthopaedie\/wp-content\/uploads\/2023\/05\/sabine-rightsize.jpg\" alt=\"teammember-Sabine Priglinger \" \/>\n\t\t\t\t\t\t\t\t\t\t<div class=\"teaminfopos\">\t\n\t\t\t\t\t\t\t\t\t\t\t<h3>Sabine Priglinger<\/h3>\t\n\t\t\t\t\t\t\t\t\t\t\t\n\t\t\t\t\t\t\t\t\t\t\t<p>Orthop\u00e4die-Schuhmacherin i.A.<\/p>\t\n\t\t\t\t\t\t\t\t\t\t<\/div>\n\t\t\t\t\t\t\t\t\t<\/div>\n\t\t\t\t\t\t\t\t    \t\t\t\t\t\t\t<\/div>\n\t\t\t\t\t\t<\/div>\t\n\t\t\t\t\t\t\t\t\t\t\t\t<div class=\"large-2 medium-6 small-12 columns \">\n\t\t\t\t\t\t\t<!-- Open Referenzen div -->\n\t\t\t\t\t\t\t\t<div id=\"teammore-1176\" class=\"teammore \">\n\t\t\t\t\t\t\t\t\t\n\t\t\t\t\t\t\t\t\n\t\t\t\t\t\t\t\t\t <div class=\"medium-12 small-12 columns teamimagefield\">\n\t\t\t\t\t\t\t\t\t\t<img decoding=\"async\" class\"teammem-img\" src=\"https:\/\/www.fuehrlinger.at\/orthopaedie\/wp-content\/uploads\/2023\/05\/Silvia_SW-neu.jpg\" alt=\"teammember-Silvia Duschlbauer \" \/>\n\t\t\t\t\t\t\t\t\t\t<div class=\"teaminfopos\">\t\n\t\t\t\t\t\t\t\t\t\t\t<h3>Silvia Duschlbauer<\/h3>\t\n\t\t\t\t\t\t\t\t\t\t\t\n\t\t\t\t\t\t\t\t\t\t\t<p>Verk\u00e4uferin in Freistadt<\/p>\t\n\t\t\t\t\t\t\t\t\t\t<\/div>\n\t\t\t\t\t\t\t\t\t<\/div>\n\t\t\t\t\t\t\t\t    \t\t\t\t\t\t\t<\/div>\n\t\t\t\t\t\t<\/div>\t\n\t\t\t\t\t\t\t\t\t\t\t\t<div class=\"large-2 medium-6 small-12 columns \">\n\t\t\t\t\t\t\t<!-- Open Referenzen div -->\n\t\t\t\t\t\t\t\t<div id=\"teammore-1195\" class=\"teammore \">\n\t\t\t\t\t\t\t\t\t\n\t\t\t\t\t\t\t\t\n\t\t\t\t\t\t\t\t\t <div class=\"medium-12 small-12 columns teamimagefield\">\n\t\t\t\t\t\t\t\t\t\t<img decoding=\"async\" class\"teammem-img\" src=\"https:\/\/www.fuehrlinger.at\/orthopaedie\/wp-content\/uploads\/2023\/08\/martina-rightsize.jpg\" alt=\"teammember-Martina Atzm\u00fcller \" \/>\n\t\t\t\t\t\t\t\t\t\t<div class=\"teaminfopos\">\t\n\t\t\t\t\t\t\t\t\t\t\t<h3>Martina Atzm\u00fcller<\/h3>\t\n\t\t\t\t\t\t\t\t\t\t\t\n\t\t\t\t\t\t\t\t\t\t\t<p>Orthop\u00e4die-Schuhmacherin i.A.<\/p>\t\n\t\t\t\t\t\t\t\t\t\t<\/div>\n\t\t\t\t\t\t\t\t\t<\/div>\n\t\t\t\t\t\t\t\t    \t\t\t\t\t\t\t<\/div>\n\t\t\t\t\t\t<\/div>\t\n\t\t\t\t\t\t\t\t\t\t\t\t<div class=\"large-2 medium-6 small-12 columns \">\n\t\t\t\t\t\t\t<!-- Open Referenzen div -->\n\t\t\t\t\t\t\t\t<div id=\"teammore-1235\" class=\"teammore \">\n\t\t\t\t\t\t\t\t\t\n\t\t\t\t\t\t\t\t\n\t\t\t\t\t\t\t\t\t <div class=\"medium-12 small-12 columns teamimagefield\">\n\t\t\t\t\t\t\t\t\t\t<img decoding=\"async\" class\"teammem-img\" src=\"https:\/\/www.fuehrlinger.at\/orthopaedie\/wp-content\/uploads\/2024\/08\/DorisEckert.jpg\" alt=\"teammember-Doris Eckert \" \/>\n\t\t\t\t\t\t\t\t\t\t<div class=\"teaminfopos\">\t\n\t\t\t\t\t\t\t\t\t\t\t<h3>Doris Eckert<\/h3>\t\n\t\t\t\t\t\t\t\t\t\t\t\n\t\t\t\t\t\t\t\t\t\t\t<p>Orthop\u00e4die-Schuhmacherin i.A.<\/p>\t\n\t\t\t\t\t\t\t\t\t\t<\/div>\n\t\t\t\t\t\t\t\t\t<\/div>\n\t\t\t\t\t\t\t\t    \t\t\t\t\t\t\t<\/div>\n\t\t\t\t\t\t<\/div>\t\n\t\t\t\t\t\t\t\t\t\t\t\t<div class=\"large-2 medium-6 small-12 columns \">\n\t\t\t\t\t\t\t<!-- Open Referenzen div -->\n\t\t\t\t\t\t\t\t<div id=\"teammore-1240\" class=\"teammore \">\n\t\t\t\t\t\t\t\t\t\n\t\t\t\t\t\t\t\t\n\t\t\t\t\t\t\t\t\t <div class=\"medium-12 small-12 columns teamimagefield\">\n\t\t\t\t\t\t\t\t\t\t<img decoding=\"async\" class\"teammem-img\" src=\"https:\/\/www.fuehrlinger.at\/orthopaedie\/wp-content\/uploads\/2024\/10\/Birgit_SW2.jpg\" alt=\"teammember-Birgit Prammer \" \/>\n\t\t\t\t\t\t\t\t\t\t<div class=\"teaminfopos\">\t\n\t\t\t\t\t\t\t\t\t\t\t<h3>Birgit Prammer<\/h3>\t\n\t\t\t\t\t\t\t\t\t\t\t\n\t\t\t\t\t\t\t\t\t\t\t<p>Orthop\u00e4die-Schuhmacher Lehrling<\/p>\t\n\t\t\t\t\t\t\t\t\t\t<\/div>\n\t\t\t\t\t\t\t\t\t<\/div>\n\t\t\t\t\t\t\t\t    \t\t\t\t\t\t\t<\/div>\n\t\t\t\t\t\t<\/div>\t\n\t\t\t\t\t\t\t\t\t\t\t\t<div class=\"large-2 medium-6 small-12 columns \">\n\t\t\t\t\t\t\t<!-- Open Referenzen div -->\n\t\t\t\t\t\t\t\t<div id=\"teammore-1248\" class=\"teammore \">\n\t\t\t\t\t\t\t\t\t\n\t\t\t\t\t\t\t\t\n\t\t\t\t\t\t\t\t\t <div class=\"medium-12 small-12 columns teamimagefield\">\n\t\t\t\t\t\t\t\t\t\t<img decoding=\"async\" class\"teammem-img\" src=\"https:\/\/www.fuehrlinger.at\/orthopaedie\/wp-content\/uploads\/2025\/09\/Frederik_SW-scaled.jpg\" alt=\"teammember-Frederik Silber \" \/>\n\t\t\t\t\t\t\t\t\t\t<div class=\"teaminfopos\">\t\n\t\t\t\t\t\t\t\t\t\t\t<h3>Frederik Silber<\/h3>\t\n\t\t\t\t\t\t\t\t\t\t\t\n\t\t\t\t\t\t\t\t\t\t\t<p>Orthop\u00e4die-Schuhmacher Lehrling 1. LJ<\/p>\t\n\t\t\t\t\t\t\t\t\t\t<\/div>\n\t\t\t\t\t\t\t\t\t<\/div>\n\t\t\t\t\t\t\t\t    \t\t\t\t\t\t\t<\/div>\n\t\t\t\t\t\t<\/div>\t\n\t\t\t\t\t\t\t\t\t\t\t\t<div class=\"large-2 medium-6 small-12 columns \">\n\t\t\t\t\t\t\t<!-- Open Referenzen div -->\n\t\t\t\t\t\t\t\t<div id=\"teammore-1283\" class=\"teammore \">\n\t\t\t\t\t\t\t\t\t\n\t\t\t\t\t\t\t\t\n\t\t\t\t\t\t\t\t\t <div class=\"medium-12 small-12 columns teamimagefield\">\n\t\t\t\t\t\t\t\t\t\t<img decoding=\"async\" class\"teammem-img\" src=\"https:\/\/www.fuehrlinger.at\/orthopaedie\/wp-content\/uploads\/2026\/01\/Martha_schwarzweiss-scaled.jpg\" alt=\"teammember-Martha Kitzberger \" \/>\n\t\t\t\t\t\t\t\t\t\t<div class=\"teaminfopos\">\t\n\t\t\t\t\t\t\t\t\t\t\t<h3>Martha Kitzberger<\/h3>\t\n\t\t\t\t\t\t\t\t\t\t\t\n\t\t\t\t\t\t\t\t\t\t\t<p>Orthop\u00e4die-Schuhmacherin i.A.<\/p>\t\n\t\t\t\t\t\t\t\t\t\t<\/div>\n\t\t\t\t\t\t\t\t\t<\/div>\n\t\t\t\t\t\t\t\t    \t\t\t\t\t\t\t<\/div>\n\t\t\t\t\t\t<\/div>\t\n\t\t\t\t\t\t\t\t\t\t\t\t<div class=\"large-2 medium-6 small-12 columns \">\n\t\t\t\t\t\t\t<!-- Open Referenzen div -->\n\t\t\t\t\t\t\t\t<div id=\"teammore-1293\" class=\"teammore \">\n\t\t\t\t\t\t\t\t\t\n\t\t\t\t\t\t\t\t\n\t\t\t\t\t\t\t\t\t <div class=\"medium-12 small-12 columns teamimagefield\">\n\t\t\t\t\t\t\t\t\t\t<img decoding=\"async\" class\"teammem-img\" src=\"https:\/\/www.fuehrlinger.at\/orthopaedie\/wp-content\/uploads\/2026\/03\/IMG_3744_SW-scaled.jpeg\" alt=\"teammember-Maria F\u00fchrlinger \" \/>\n\t\t\t\t\t\t\t\t\t\t<div class=\"teaminfopos\">\t\n\t\t\t\t\t\t\t\t\t\t\t<h3>Maria F\u00fchrlinger<\/h3>\t\n\t\t\t\t\t\t\t\t\t\t\t\n\t\t\t\t\t\t\t\t\t\t\t<p>B\u00fcrot\u00e4tigkeiten<\/p>\t\n\t\t\t\t\t\t\t\t\t\t<\/div>\n\t\t\t\t\t\t\t\t\t<\/div>\n\t\t\t\t\t\t\t\t    \t\t\t\t\t\t\t<\/div>\n\t\t\t\t\t\t<\/div>\t\n\t\t\t\t\t\t\t\t\t\t\t\t\t\t\t\t\t<\/div><\/div>[\/vc_column][\/vc_row][vc_row css_animation=&#8220;fadeInUp&#8220; el_class=&#8220;slimrow greathlbox&#8220;][vc_column width=&#8220;1\/6&#8243;][vc_empty_space height=&#8220;1px&#8220;][\/vc_column][vc_column width=&#8220;2\/3&#8243;][vc_empty_space height=&#8220;40px&#8220;][vc_column_text css=&#8220;&#8220;]<\/p>\n<h2 style=\"text-align: center;\" align=\"left\">Geschichte<\/h2>\n<p>&nbsp;<\/p>\n<p class=\"bodytext\" style=\"text-align: center;\">Michael F\u00fchrlinger gr\u00fcndete 1924 in Oberneukirchen einen Schuhmacherbetrieb.<br \/>\nDer\u00a0Schuhmacherbetrieb wurde mit einem\u00a0Schuhhandel erweitert, den\u00a0Theo F\u00fchrlinger im Jahre 1962 \u00fcbernommen hat.\u00a0Dieser\u00a0erg\u00e4nzte zus\u00e4tzlich eine Textilreinigung\u00a0und errichtete\u00a0zwei weitere Filialen.<\/p>\n<p>&nbsp;<\/p>\n<p style=\"text-align: center;\">1986 \u00fcbernahmen Rosa und Peter F\u00fchrlinger den Betrieb.<br \/>\nPeter F\u00fchrlinger legte 1990 die Orthop\u00e4die-Schuhmachermeisterpr\u00fcfung ab und das Unternehmen wurde auf Orthop\u00e4die-Schuhtechnik mit Bequemschuhhandel umstrukturiert.<\/p>\n<p>&nbsp;<\/p>\n<p style=\"text-align: center;\">Eine Orthop\u00e4die-Schuhtechnikfiliale wurde 1991 in Freistadt, Lasberger Stra\u00dfe, gegr\u00fcndet, welche 1996 in die Linzerstra\u00dfe \u00fcbersiedelte. 2005 gab es eine Erweiterung mit Standortwechsel in das Fach\u00e4rztezentrum Freistadt.<\/p>\n<p>&nbsp;<\/p>\n<p style=\"text-align: center;\">2017 entstand das Gesundheitshaus F\u00fchrlinger mit<\/p>\n<p style=\"text-align: center;\">Peter F\u00fchrlinger (Orthop\u00e4die-Schuhtechniker und Shiatsu-Praktiker),<\/p>\n<p style=\"text-align: center;\">Rosa F\u00fchrlinger (Dipl. zertifizierte Humanenergetikerin),<\/p>\n<p style=\"text-align: center;\">Maria F\u00fchrlinger (Mentale und psychosoziale Beraterin),<\/p>\n<p style=\"text-align: center;\">Judith Bergsmann (Shiatsu-, Massage- und Yoga-Praktikerin) und<\/p>\n<p style=\"text-align: center;\">Sonja Boettcher (Craniosacral-Therapeutin).<\/p>\n<p>&nbsp;<\/p>\n<p style=\"text-align: center;\">2017 begann Klaus F\u00fchrlinger im elterlichen Betrieb die Lehre zum Orthop\u00e4die-Schuhtechniker und legte 2021 die Orthop\u00e4die-Schuhmachermeisterpr\u00fcfung ab.<\/p>\n<p style=\"text-align: center;\" align=\"center\">2024 \u00fcbernahm Klaus in vierter Generation den Betrieb und<br \/>\nf\u00fchrt diesen zusammen mit seiner Frau Caroline.<\/p>\n<p>[\/vc_column_text][\/vc_column][vc_column width=&#8220;1\/6&#8243;][vc_empty_space height=&#8220;1px&#8220;][\/vc_column][\/vc_row][vc_row css_animation=&#8220;fadeIn&#8220; el_class=&#8220;slimrow greathlbox&#8220;][vc_column css_animation=&#8220;none&#8220;][vc_empty_space height=&#8220;20px&#8220;][vc_column_text]<\/p>\n<h2 style=\"text-align: center;\" align=\"left\">Standorte<\/h2>\n<p>[\/vc_column_text][vc_row_inner equal_height=&#8220;yes&#8220;][vc_column_inner el_class=&#8220;standfield&#8220; width=&#8220;1\/2&#8243;][vc_empty_space height=&#8220;15px&#8220;][vc_column_text]<\/p>\n<h2 style=\"text-align: center;\">Freistadt<\/h2>\n<p>[\/vc_column_text][vc_single_image image=&#8220;558&#8243; img_size=&#8220;full&#8220;][vc_empty_space height=&#8220;15px&#8220;][vc_column_text]<\/p>\n<p class=\"bodytext\">Die Zweigstelle f\u00fcr\u00a0Orthop\u00e4die-Schuhtechnik in Freistadt (Lasberger Stra\u00dfe) wurde 1991 gegr\u00fcndet.<\/p>\n<p>&nbsp;<\/p>\n<p>1996 \u00fcbersiedelte das Gesch\u00e4ftslokal in die Linzerstra\u00dfe.<\/p>\n<p>&nbsp;<\/p>\n<p>2005 gab es eine Erweiterung mit Standortwechsel in das Fach\u00e4rztezentrum Freistadt mit neuem Gesch\u00e4ftslokal, Anmessraum, Werkst\u00e4tte und Behandlungsr\u00e4umen.<\/p>\n<p>&nbsp;<\/p>\n<h3>\u00d6ffnungszeiten:<\/h3>\n<p class=\"bodytext\">Mo, Di, Mi, Do 8:30 \u2013 12:00 und 14:00 \u2013 18:00 Uhr<br \/>\nFr 8:30 \u2013 12:00 Uhr<\/p>\n<p>[\/vc_column_text][\/vc_column_inner][vc_column_inner el_class=&#8220;standfield&#8220; width=&#8220;1\/2&#8243;][vc_empty_space height=&#8220;15px&#8220;][vc_column_text]<\/p>\n<h2 style=\"text-align: center;\">Oberneukirchen<\/h2>\n<p>[\/vc_column_text][vc_single_image image=&#8220;76&#8243; img_size=&#8220;full&#8220;][vc_empty_space height=&#8220;15px&#8220;][vc_column_text]<\/p>\n<p class=\"bodytext\" style=\"text-align: left;\">In Oberneukirchen wurde 1994 das Schuhgesch\u00e4ft mit Kleiderreinigung auf ein Fachgesch\u00e4ft f\u00fcr Orthop\u00e4die-Schuhtechnik und Bequemschuhhandel umstrukturiert.<\/p>\n<p>&nbsp;<\/p>\n<p style=\"text-align: left;\">2007 bekam das Gesch\u00e4ftshaus eine neue Fassade und die Gesch\u00e4ftsr\u00e4ume wurden neu gestaltet.<\/p>\n<p>&nbsp;<\/p>\n<h3 style=\"text-align: left;\">\u00d6ffnungszeiten:<\/h3>\n<p class=\"bodytext\" style=\"text-align: left;\">Mo, Fr 8:30 \u2013 12:00 und 14:00 \u2013 18:00 Uhr<br \/>\nMi 8:30 \u2013 12:00 Uhr<\/p>\n<p>[\/vc_column_text][\/vc_column_inner][\/vc_row_inner][\/vc_column][\/vc_row][vc_row][vc_column][vc_empty_space height=&#8220;35px&#8220;][\/vc_column][\/vc_row]<\/p>\n<\/div>","protected":false},"excerpt":{"rendered":"<p>[vc_row el_id=&#8220;topbackgroundwrap&#8220;][vc_column][\/vc_column][\/vc_row][vc_row css_animation=&#8220;fadeInRight&#8220; el_class=&#8220;headline slimrow&#8220;][vc_column][vc_empty_space height=&#8220;120px&#8220; el_class=&#8220;mobilehide&#8220;][vc_column_text] \u00dcber Uns [\/vc_column_text][vc_empty_space height=&#8220;110px&#8220; el_class=&#8220;mobilehide&#8220;][\/vc_column][\/vc_row][vc_row css_animation=&#8220;fadeInUp&#8220; el_class=&#8220;slimrow greathlbox&#8220;][vc_column][vc_column_text] Unser Leitbild &nbsp; &#8222;Gesundheit f\u00fcr Mensch und Fu\u00df mit Einlagen und Schuhen, die den Anforderungen der jeweiligen Bed\u00fcrfnisse entsprechen. Ganzheitliche K\u00f6rperbehandlung mit verschiedenen alternativen Heilmethoden.&#8220; [\/vc_column_text][\/vc_column][\/vc_row][vc_row css_animation=&#8220;fadeIn&#8220;][vc_column][vc_empty_space height=&#8220;20px&#8220;][\/vc_column][\/vc_row][vc_row css_animation=&#8220;fadeInUp&#8220; el_class=&#8220;slimrow greathlbox&#8220;][vc_column width=&#8220;1\/6&#8243;][vc_empty_space height=&#8220;1px&#8220;][\/vc_column][vc_column width=&#8220;2\/3&#8243;][vc_empty_space height=&#8220;40px&#8220;][vc_column_text css=&#8220;&#8220;] Geschichte &nbsp; Michael F\u00fchrlinger<a class=\"excerpt-read-more\" href=\"https:\/\/www.fuehrlinger.at\/orthopaedie\/teammember\/1293\/\" title=\"ReadMaria F\u00fchrlinger\">&#8230; Read more &raquo;<\/a><\/p>\n","protected":false},"author":1,"featured_media":0,"parent":0,"menu_order":0,"comment_status":"closed","ping_status":"closed","template":"","meta":{"footnotes":""},"class_list":["post-11","page","type-page","status-publish","hentry"],"_links":{"self":[{"href":"https:\/\/www.fuehrlinger.at\/orthopaedie\/wp-json\/wp\/v2\/pages\/11","targetHints":{"allow":["GET"]}}],"collection":[{"href":"https:\/\/www.fuehrlinger.at\/orthopaedie\/wp-json\/wp\/v2\/pages"}],"about":[{"href":"https:\/\/www.fuehrlinger.at\/orthopaedie\/wp-json\/wp\/v2\/types\/page"}],"author":[{"embeddable":true,"href":"https:\/\/www.fuehrlinger.at\/orthopaedie\/wp-json\/wp\/v2\/users\/1"}],"replies":[{"embeddable":true,"href":"https:\/\/www.fuehrlinger.at\/orthopaedie\/wp-json\/wp\/v2\/comments?post=11"}],"version-history":[{"count":51,"href":"https:\/\/www.fuehrlinger.at\/orthopaedie\/wp-json\/wp\/v2\/pages\/11\/revisions"}],"predecessor-version":[{"id":1246,"href":"https:\/\/www.fuehrlinger.at\/orthopaedie\/wp-json\/wp\/v2\/pages\/11\/revisions\/1246"}],"wp:attachment":[{"href":"https:\/\/www.fuehrlinger.at\/orthopaedie\/wp-json\/wp\/v2\/media?parent=11"}],"curies":[{"name":"wp","href":"https:\/\/api.w.org\/{rel}","templated":true}]}}